{"id":124,"date":"2024-10-25T02:06:38","date_gmt":"2024-10-25T02:06:38","guid":{"rendered":"https:\/\/concisa.net.ve\/2024\/?page_id=124"},"modified":"2024-11-03T20:44:19","modified_gmt":"2024-11-03T20:44:19","slug":"evi-tutoriales-ofertados","status":"publish","type":"page","link":"https:\/\/concisa.net.ve\/2024\/evi-tutoriales-ofertados\/","title":{"rendered":"EVI 2024 &#8211; Tutoriales Ofertados"},"content":{"rendered":"<p><span style=\"display: block; font-size: 20px; padding: 10px; margin-left: 0; -webkit-border-radius: 4px; border-radius: 4px; color: white; text-shadow: 2px 2px black; background-image: linear-gradient(135deg, #f15029, #f15029, #f15029, #c33a11, #000000, #0d5995, #1574c4, #1574c4, #1574c4);\">Tutoriales Ofertados<\/span><\/p>\n<p>Para ver la programaci\u00f3n general de EVI\/CoNCISa 2024, por favor hago click aqu\u00ed. Los tutoriales de EVI 2024 ser\u00e1n ofertados sin costo. La programac\u00f3n de los tutoriales es la siguiente:<\/p>\n<h4 style=\"font-size: 130%\">Lunes 18 de noviembre de 2024<\/h4>\n<ul>\n<li><strong>EVI11: <a href=\"https:\/\/concisa.net.ve\/2024\/evi-tutoriales#evi11\">Rob\u00f3tica Educativa (Parte 1)<\/a><\/strong> <br \/>\n \t<strong>Hora:<\/strong> 09:00 AM a 01:00 PM<\/li>\n<li><strong>EVI12: <a href=\"https:\/\/concisa.net.ve\/2024\/evi-tutoriales#evi12\">Git, GitHub, GitHub Copilot 101<\/a><\/strong> <br \/>\n \t<strong>Hora:<\/strong> 09:00 AM a 01:00 PM<\/li>\n<li><strong>EVI13: <a href=\"https:\/\/concisa.net.ve\/2024\/evi-tutoriales#evi13\">Aprendizaje Autom\u00e1tico para la Soluci\u00f3n de Problemas Inversos<\/a><\/strong> <br \/>\n \t<strong>Hora:<\/strong> 09:00 AM a 01:00 PM<\/li>\n<\/ul>\n<h4 style=\"font-size: 130%\">Mates 19 de noviembre de 2024<\/h4>\n<ul>\n<li><strong>EVI21: <a href=\"https:\/\/concisa.net.ve\/2024\/evi-tutoriales#evi21\">Introducci\u00f3n a MicroCloud: El Futuro del Almacenamiento y Procesamiento de Datos Distribuidos<\/a><\/strong> <br \/>\n \t<strong>Hora:<\/strong> 09:00 AM a 01:00 PM<\/li>\n<li><strong>EVI22: <a href=\"https:\/\/concisa.net.ve\/2024\/evi-tutoriales#evi22\">Infraestructura Paralela para Aprendizaje Autom\u00e1tico y Bigdata: Hadoop<\/a><\/strong> <br \/>\n \t<strong>Hora:<\/strong> 09:00 AM a 01:00 PM<\/li>\n<li><strong>EVI23: <a href=\"https:\/\/concisa.net.ve\/2024\/evi-tutoriales#evi23\">T\u00e9cnicas de Desarrollo del Pensamiento Computacional para la Formaci\u00f3n en Mejoras de la Calidad en Organizaciones Educativas<\/a><\/strong> <br \/>\n \t<strong>Hora:<\/strong> 09:00 AM a 01:00 PM<\/li>\n<li><strong>EVI24: <a href=\"https:\/\/concisa.net.ve\/2024\/evi-tutoriales#evi24\">Hacking \u00c9tico para la Ciberseguridad<\/a><\/strong> <br \/>\n \t<strong>Hora:<\/strong> 09:00 AM a 01:00 PM<\/li>\n<\/ul>\n<h4 style=\"font-size: 130%\">Mi\u00e9rcoles 20 de noviembre de 2024<\/h4>\n<ul>\n<li><strong>EVI31: <a href=\"https:\/\/concisa.net.ve\/2024\/evi-tutoriales#evi31\">Inteligencia Artificial Generativa Aplicada a la Investigaci\u00f3n y a la Redacci\u00f3n Acad\u00e9mica y Cient\u00edfica<\/a><\/strong> <br \/>\n \t<strong>Hora:<\/strong> 09:00 AM a 01:00 PM<\/li>\n<li><strong>EVI32: <a href=\"https:\/\/concisa.net.ve\/2024\/evi-tutoriales#evi32\">Mainframes Reloaded: Desarrollando Aplicaciones para la Era Digital<\/a><\/strong> <br \/>\n \t<strong>Hora:<\/strong> 09:00 AM a 01:00 PM<\/li>\n<li><strong>EVI33: <a href=\"https:\/\/concisa.net.ve\/2024\/evi-tutoriales#evi33\">Rob\u00f3tica Educativa (Parte 2)<\/a><\/strong> <br \/>\n \t<strong>Hora:<\/strong> 09:00 AM a 01:00 PM<\/li>\n<\/ul>\n<p>&nbsp;<\/p>\n<p><span style=\"display: block; font-size: 20px; padding: 10px; margin-left: 0; -webkit-border-radius: 4px; border-radius: 4px; color: white; text-shadow: 2px 2px black; background-image: linear-gradient(135deg, #f15029, #f15029, #f15029, #c33a11, #000000, #0d5995, #1574c4, #1574c4, #1574c4);\">Informaci\u00f3n de los Tutoriales<\/span><\/p>\n<p><a name=\"evi11\"><\/a><br \/>\n<span style=\"font-weight:bold;font-size:110%\">EVI11: Rob\u00f3tica Educativa (Parte 1)<\/span><br \/>\n<strong>Tutorialistas:<\/strong> Livia Borjas (Universidad Cat\u00f3lica Andr\u00e9s Bello de Guayana, Venezuela), Jes\u00fas L\u00e1rez (Universidad Cat\u00f3lica Andr\u00e9s Bello de Guayana, Venezuela)<br \/>\n<strong>Fecha:<\/strong> Lunes 18 de noviembre de 2024 (09:00 AM a 01:00 PM)<br \/>\n<strong>Duraci\u00f3n:<\/strong> 4 horas<br \/>\n<strong>Opci\u00f3n 1:<\/strong> Sala Leandro Aristeguieta, Facultad de Ciencias, UCV<br \/>\n<strong>Opci\u00f3n 2:<\/strong> Zoom<br \/>\n<strong>Contenido:<\/strong> (1) <u>Introducci\u00f3n a la Inteligencia Artificial<\/u>, (2) <u>Introducci\u00f3n a la Rob\u00f3tica:<\/u> Nacimiento, Definici\u00f3n, Usos, Categor\u00edas y clasificaciones, (3) <u>Sensores, Efectores y Actuadores<\/u>, (4) <u>Control y Programaci\u00f3n de Robot<\/u>, (5) <u>Rob\u00f3tica Educativa:<\/u> Definici\u00f3n y Caracterizaci\u00f3n, Beneficios, Ventajas, Clasificaci\u00f3n y Metodolog\u00eda, (6) <u>Proyectos para el Aula:<\/u> Uso de simuladores, Brazos rob\u00f3ticos, Robot m\u00f3viles bajo las plataformas micro:bit, Arduino y Raspberry Pi, Kit de legos para rob\u00f3tica, Robot basados en Micro:Bit, Rob\u00f3tica e Inteligencia Artificial, Metodolog\u00edas, Casos de estudio.<br \/>\n<strong>Inscripci\u00f3n:<\/strong> <a href=\"https:\/\/forms.gle\/JbKwRqaZe45XhhRY7\" target=\"_blank\" rel=\"noopener\">https:\/\/forms.gle\/JbKwRqaZe45XhhRY7<\/a><\/p>\n<p><a name=\"evi12\"><\/a><br \/>\n<span style=\"font-weight:bold;font-size:110%\">EVI12: Git, GitHub, GitHub Copilot 101<\/span><br \/>\n<strong>Tutorialista:<\/strong> David Jaimes (Universidad Central de Venezuela, Venezuela)<br \/>\n<strong>Fecha:<\/strong> Lunes 18 de noviembre de 2024 (09:00 AM a 01:00 PM)<br \/>\n<strong>Duraci\u00f3n:<\/strong> 4 horas<br \/>\n<strong>Opci\u00f3n 1:<\/strong> Edificio de Laboratorios Docentes (Lab. 05), Facultad de Ciencias, Ciencias, UCV<br \/>\n<strong>Opci\u00f3n 2:<\/strong> Transmisi\u00f3n a la ULA, Laboratorio Sistemas Computacionales<br \/>\n<strong>Opci\u00f3n 3:<\/strong> Zoom<br \/>\n<strong>Contenido:<\/strong> (1) <u>Introducci\u00f3n a Git y GitHub:<\/u> \u00bfQu\u00e9 es Git?, \u00bfQu\u00e9 es GitHub?, Instalaci\u00f3n y configuraci\u00f3n, (2) <u>Uso B\u00e1sico de Git:<\/u> Creaci\u00f3n de repositorios, Realizaci\u00f3n de commits, Estado del repositorio, Historial de cambios, (3) <u>Colaboraci\u00f3n con Git:<\/u> Ramificaci\u00f3n, Fusi\u00f3n, Flujos de trabajo colaborativos, Solicitudes de extracci\u00f3n (pull requests), y (4) <u>GitHub Avanzado y Herramientas:<\/u> Organizaci\u00f3n de repositorios, Colaboraci\u00f3n en equipos, GitHub Actions, GitHub Copilot.<br \/>\n<strong>Inscripci\u00f3n:<\/strong> <a href=\"https:\/\/forms.gle\/QW2N96fBXSnkgKpMA\" target=\"_blank\" rel=\"noopener\">https:\/\/forms.gle\/QW2N96fBXSnkgKpMA<\/a><\/p>\n<p><a name=\"evi13\"><\/a><br \/>\n<span style=\"font-weight:bold;font-size:110%\">EVI13: Aprendizaje Autom\u00e1tico para la Soluci\u00f3n de Problemas Inversos<\/span><br \/>\n<strong>Tutorialista:<\/strong> Pedro Garcia (Universidad Cat\u00f3lica Andr\u00e9s Bello, Venezuela)<br \/>\n<strong>Fecha:<\/strong> Lunes 18 de noviembre de 2024 (09:00 AM a 01:00 PM)<br \/>\n<strong>Duraci\u00f3n:<\/strong> 4 horas<br \/>\n<strong>Opci\u00f3n 1:<\/strong> Sala Manuel Bemporad, Facultad de Ciencias, UCV<br \/>\n<strong>Opci\u00f3n 2:<\/strong> Laboratorio de Redes y Comunicaci\u00f3n, UCAB<br \/>\n<strong>Opci\u00f3n 3:<\/strong> Zoom<br \/>\n<strong>Contenido:<\/strong> (1) <u>Problema Inverso y sus Variantes<\/u>, (2) <u>Truco del Kernel<\/u>, (3) <u>Redes Neuronales F\u00edsicamente Informadas<\/u>, y (4) <u>Truco del Kernel y Problema Inverso:<\/u> Caso I. Determinaci\u00f3n de la ecuaci\u00f3n diferencial ordinaria que genera los datos. Caso II. Determinaci\u00f3n de los par\u00e1metros de la ecuaci\u00f3n diferencial ordinaria que genera los datos.<br \/>\n<strong>Inscripci\u00f3n:<\/strong> <a href=\"https:\/\/forms.gle\/VDiBMHVma7cnnBix9\" target=\"_blank\" rel=\"noopener\">https:\/\/forms.gle\/VDiBMHVma7cnnBix9<\/a><\/p>\n<p><a name=\"evi21\"><\/a><br \/>\n<span style=\"font-weight:bold;font-size:110%\">EVI21: Introducci\u00f3n a MicroCloud: El Futuro del Almacenamiento y Procesamiento de Datos Distribuidos<\/span><br \/>\n<strong>Tutorialistas:<\/strong> Manuel Pe\u00f1a (Universidad Cat\u00f3lica Andr\u00e9s Bello, Venezuela), Valeria de Abreu (Digitel, Venezuela)<br \/>\n<strong>Fecha:<\/strong> Martes 19 de noviembre de 2024 (09:00 AM a 01:00 PM)<br \/>\n<strong>Duraci\u00f3n:<\/strong> 4 horas<br \/>\n<strong>Opci\u00f3n 1:<\/strong> Transmisi\u00f3n desde la UCAB, Auditorio Guido Arnal<br \/>\n<strong>Opci\u00f3n 2:<\/strong> Sala Leandro Aristeguieta, Facultad de Ciencias, UCV<br \/>\n<strong>Opci\u00f3n 3:<\/strong> Zoom<br \/>\n<strong>Contenido:<\/strong> (1) <u>Introducci\u00f3n al MicroCloud<\/u>, (2) <u>Arquitectura y Funcionamiento de MicroCloud<\/u>, (3) <u>Aplicaciones del MicroCloud<\/u>, (4) <u>Seguridad y Desaf\u00edos del MicroCloud<\/u>, (5) <u>Implementaci\u00f3n Pr\u00e1ctica<\/u>, (6) <u>Futuro de MicroCloud<\/u>, y (7) <u>Conclusi\u00f3n y Cierre<\/u>.<br \/>\n<strong>Inscripci\u00f3n:<\/strong> <a href=\"https:\/\/forms.gle\/Jm4uKMXWAPQT82TE6\" target=\"_blank\" rel=\"noopener\">https:\/\/forms.gle\/Jm4uKMXWAPQT82TE6<\/a><\/p>\n<p><a name=\"evi22\"><\/a><br \/>\n<span style=\"font-weight:bold;font-size:110%\">EVI22: Infraestructura Paralela para Aprendizaje Autom\u00e1tico y Bigdata: Hadoop<\/span><br \/>\n<strong>Tutorialista:<\/strong> Wilmer Pereira (Instituto Tecnol\u00f3gico Aut\u00f3nomo de M\u00e9xico, M\u00e9xico)<br \/>\n<strong>Fecha:<\/strong> Martes 19 de noviembre de 2024 (09:00 AM a 01:00 PM)<br \/>\n<strong>Duraci\u00f3n:<\/strong> 4 horas<br \/>\n<strong>Opci\u00f3n 1:<\/strong> Transmisi\u00f3n desde la UCAB, Laboratorio de Tecnolog\u00edas Aut\u00f3nomas<br \/>\n<strong>Opci\u00f3n 2:<\/strong> Edificio de Laboratorios Docentes (Lab. 05), Facultad de Ciencias, UCV<br \/>\n<strong>Opci\u00f3n 3:<\/strong> Zoom<br \/>\n<strong>Contenido:<\/strong> (1) <u>Arquitecturas de Cluster:<\/u> alto desempe\u00f1o y alta disponibilidad, (2) <u>Ecosistema Hadoop:<\/u> N\u00facleo HDFS y YARN, Paradigma Map-Reduce, (3) <u>Ecosistema Spark:<\/u> Paralelismo impl\u00edcito: stages y task, RDD y dataframes, (4) <u>Programaci\u00f3n Spark:<\/u> Archivos para Big Data, Transformaciones y acciones, Evaluaci\u00f3n perezosa y manejo de particiones, Monitoreo de actividad del cluster, y (5) <u>Plataformas de Ejecuci\u00f3n para Spark:<\/u> Databricks, Ejemplos.<br \/>\n<strong>Inscripci\u00f3n:<\/strong> <a href=\"https:\/\/forms.gle\/ctea2ZefYNbV52CX8\" target=\"_blank\" rel=\"noopener\">https:\/\/forms.gle\/ctea2ZefYNbV52CX8<\/a><\/p>\n<p><a name=\"evi23\"><\/a><br \/>\n<span style=\"font-weight:bold;font-size:110%\">EVI23: T\u00e9cnicas de Desarrollo del Pensamiento Computacional para la Formaci\u00f3n en Mejoras de la Calidad en Organizaciones Educativas<\/span><br \/>\n<strong>Tutorialistas:<\/strong> Ioannis Vourletsis (Universidad de Tesalia, Grecia), Omar Ovalles (Universidad Central de Venezuela, Venezuela), Panagiotis Politis (Universidad de Tesalia, Grecia)<br \/>\n<strong>Fecha:<\/strong> Martes 19 de noviembre de 2024 (09:00 AM a 01:00 PM)<br \/>\n<strong>Duraci\u00f3n:<\/strong> 4 horas<br \/>\n<strong>Opci\u00f3n 1:<\/strong> Auditorio Tob\u00edas Lasser, Facultad de Ciencias, UCV<br \/>\n<strong>Opci\u00f3n 2:<\/strong> Zoom<br \/>\n<strong>Contenido:<\/strong> (1) <u>Conceptos B\u00e1sicos del Pensamiento Computacional<\/u>, (2) <u>Experiencias de Evaluaci\u00f3n de la Calidad desde el Pensamiento Computacional<\/u>, (3) <u>Relaci\u00f3n del Mejoramineto del Aprendizaje de la Lengua, las Matem\u00e1ticas y la Investigaci\u00f3n Cient\u00edfica con el Pensamiento Computacional<\/u>, (4) <u>Desarollo del Pensamiento Computacional Aplicado a la Mejora de la Calidad Educativa<\/u>, y (5) <u>Estrategias para el Desarrollo del Pensamiento Computacional en Materia de Valores Humanos de 5ta Generaci\u00f3n<\/u>.<br \/>\n<strong>Inscripci\u00f3n:<\/strong> <a href=\"https:\/\/forms.gle\/y1u6rNW3WeNxjBdz8\" target=\"_blank\" rel=\"noopener\">https:\/\/forms.gle\/y1u6rNW3WeNxjBdz8<\/a><\/p>\n<p><a name=\"evi24\"><\/a><br \/>\n<span style=\"font-weight:bold;font-size:110%\">EVI24: Hacking \u00c9tico para la Ciberseguridad<\/span><br \/>\n<strong>Tutorialistas:<\/strong> Aleidys Arraiz (Universidad Polit\u00e9cnica Territorial del Estado Aragua, Venezuela), Jackson P\u00e9rez (Universidad Polit\u00e9cnica Territorial del Estado Aragua, Venezuela)<br \/>\n<strong>Fecha:<\/strong> Martes 19 de noviembre de 2024 (09:00 AM a 01:00 PM)<br \/>\n<strong>Duraci\u00f3n:<\/strong> 4 horas<br \/>\n<strong>Opci\u00f3n 1:<\/strong> Auditorio Manuel Bemporad, Facultad de Ciencias, UCV<br \/>\n<strong>Opci\u00f3n 2:<\/strong> Zoom<br \/>\n<strong>Contenido:<\/strong> (1) <u>Conceptos de Hacking \u00c9tico<\/u>, (2) <u>Conceptos de Auditor\u00eda de Seguridad<\/u>, (3) <u>Metodolog\u00edas de Hacking \u00c9tico y de Auditor\u00edas de Seguridad<\/u>, (4) <u>Marco Metodol\u00f3gico NIST<\/u>, y (5) <u>Procedimientos T\u00e9cnicos para Hacking \u00c9tico:<\/u> herramientas, aplicaciones y demostraciones.<br \/>\n<strong>Inscripci\u00f3n:<\/strong> <a href=\"https:\/\/forms.gle\/suFi2GjyFTPNMgj58\" target=\"_blank\" rel=\"noopener\">https:\/\/forms.gle\/suFi2GjyFTPNMgj58<\/a><\/p>\n<p><a name=\"evi31\"><\/a><br \/>\n<span style=\"font-weight:bold;font-size:110%\">EVI31: Inteligencia Artificial Generativa Aplicada a la Investigaci\u00f3n y a la Redacci\u00f3n Acad\u00e9mica y Cient\u00edfica<\/span><br \/>\n<strong>Tutorialista:<\/strong> Yusneyi Carballo (Universidad Central de Venezuela, Venezuela)<br \/>\n<strong>Fecha:<\/strong> Mi\u00e9rcoleses 20 de noviembre de 2024 (09:00 AM a 01:00 PM)<br \/>\n<strong>Duraci\u00f3n:<\/strong> 4 horas<br \/>\n<strong>Opci\u00f3n 1:<\/strong> Sala Leandro Aristeguieta, Facultad de Ciencias, UCV<br \/>\n<strong>Opci\u00f3n 2:<\/strong> Zoom<br \/>\n<strong>Contenido:<\/strong> (1) <u>Introducci\u00f3n a la Inteligencia Artificial Generativa, Redacci\u00f3n Acad\u00e9mica, Redacci\u00f3n Cient\u00edfica, Conceptos Clave y Te\u00f3ricos<\/u>, (2) <u>Metodolog\u00edas para la Redacci\u00f3n Acad\u00e9mica y para la Redacci\u00f3n Cient\u00edfica<\/u>, (3) <u>Herramientas de Inteligencia Artificial Generativa<\/u>, (4) <u>Evaluaci\u00f3n Cr\u00edtica de Resultados y Detecci\u00f3n de Plagio<\/u>, (5) <u>\u00c9tica y Uso Responsable de la Inteligencia Artificial Generativa<\/u>, y (6) <u>Resumen y Cierre del Tutorial<\/u>.<br \/>\n<strong>Inscripci\u00f3n:<\/strong> <a href=\"https:\/\/forms.gle\/eafdCMU7MFGEeD7z9\" target=\"_blank\" rel=\"noopener\">https:\/\/forms.gle\/eafdCMU7MFGEeD7z9<\/a><\/p>\n<p><a name=\"evi32\"><\/a><br \/>\n<span style=\"font-weight:bold;font-size:110%\">EVI32: Mainframes Reloaded: Desarrollando Aplicaciones para la Era Digital<\/span><br \/>\n<strong>Tutorialista:<\/strong> Luis Ortega (Universidad Central de Venezuela, Venezuela)<br \/>\n<strong>Fecha:<\/strong> Mi\u00e9rcoleses 20 de noviembre de 2024 (09:00 AM a 01:00 PM)<br \/>\n<strong>Duraci\u00f3n:<\/strong> 4 horas<br \/>\n<strong>Opci\u00f3n 1:<\/strong> Edificio de Laboratorios Docentes (Lab. 05), Facultad de Ciencias, UCV<br \/>\n<strong>Opci\u00f3n 2:<\/strong> Zoom<br \/>\n<strong>Contenido:<\/strong> (1) <u>Introducci\u00f3n a los Mainframes:<\/u> Historia y evoluci\u00f3n, Arquitectura, Sistemas operativos, Lenguajes de programaci\u00f3n, Aplicaciones t\u00edpicas, (2) <u>Introducci\u00f3n a IBM Z Xplorer y Herramientas de Desarrollo:<\/u> IBM Z Xplorer, Visual Studio Code, IBM Z Open Editor, Zowe Explorer, y (3) <u>Interacci\u00f3n con z\/OS a trav\u00e9s de Zowe Explorer:<\/u> Conexi\u00f3n a un sistema z\/OS, Exploraci\u00f3n de datasets, Ejecuci\u00f3n de comandos TSO, Gesti\u00f3n de jobs.<br \/>\n<strong>Inscripci\u00f3n:<\/strong> <a href=\"https:\/\/forms.gle\/JcHJ63SszmnhptPb9\" target=\"_blank\" rel=\"noopener\">https:\/\/forms.gle\/JcHJ63SszmnhptPb9<\/a><\/p>\n<p><a name=\"evi33\"><\/a><br \/>\n<span style=\"font-weight:bold;font-size:110%\">EVI33: Rob\u00f3tica Educativa (Parte 2)<\/span><br \/>\n<strong>Tutorialista:<\/strong> Livia Borjas (Universidad Cat\u00f3lica Andr\u00e9s Bello de Guayana, Venezuela), Jes\u00fas L\u00e1rez (Universidad Cat\u00f3lica Andr\u00e9s Bello de Guayana, Venezuela)<br \/>\n<strong>Fecha:<\/strong> Mi\u00e9rcoleses 20 de noviembre de 2024 (09:00 AM a 01:00 PM)<br \/>\n<strong>Duraci\u00f3n:<\/strong> 4 horas<br \/>\n<strong>Opci\u00f3n 1:<\/strong> Auditorio Tob\u00edas Lasser, Facultad de Ciencias, UCV<br \/>\n<strong>Opci\u00f3n 2:<\/strong> Zoom<br \/>\n<strong>Contenido:<\/strong> (1) <u>Introducci\u00f3n a la Inteligencia Artificial<\/u>, (2) <u>Introducci\u00f3n a la Rob\u00f3tica:<\/u> Nacimiento, Definici\u00f3n, Usos, Categor\u00edas y clasificaciones, (3) <u>Sensores, Efectores y Actuadores<\/u>, (4) <u>Control y Programaci\u00f3n de Robot<\/u>, (5) <u>Rob\u00f3tica Educativa:<\/u> Definici\u00f3n y Caracterizaci\u00f3n, Beneficios, Ventajas, Clasificaci\u00f3n y Metodolog\u00eda, (6) <u>Proyectos para el Aula:<\/u> Uso de simuladores, Brazos rob\u00f3ticos, Robot m\u00f3viles bajo las plataformas micro:bit, Arduino y Raspberry Pi, Kit de legos para rob\u00f3tica, Robot basados en Micro:Bit, Rob\u00f3tica e Inteligencia Artificial, Metodolog\u00edas, Casos de estudio.<br \/>\n<strong>Inscripci\u00f3n:<\/strong> <a href=\"https:\/\/forms.gle\/JbKwRqaZe45XhhRY7\" target=\"_blank\" rel=\"noopener\">https:\/\/forms.gle\/JbKwRqaZe45XhhRY7<\/a><\/p>\n","protected":false},"excerpt":{"rendered":"<p>Tutoriales Ofertados Para ver la programaci\u00f3n general de EVI\/CoNCISa 2024, por favor hago click aqu\u00ed. Los tutoriales de EVI 2024 ser\u00e1n ofertados sin costo. La programac\u00f3n de los tutoriales es la siguiente: Lunes 18&#46;&#46;&#46;<\/p>\n","protected":false},"author":1,"featured_media":0,"parent":0,"menu_order":0,"comment_status":"closed","ping_status":"closed","template":"","meta":{"footnotes":""},"class_list":["post-124","page","type-page","status-publish","hentry"],"_links":{"self":[{"href":"https:\/\/concisa.net.ve\/2024\/wp-json\/wp\/v2\/pages\/124","targetHints":{"allow":["GET"]}}],"collection":[{"href":"https:\/\/concisa.net.ve\/2024\/wp-json\/wp\/v2\/pages"}],"about":[{"href":"https:\/\/concisa.net.ve\/2024\/wp-json\/wp\/v2\/types\/page"}],"author":[{"embeddable":true,"href":"https:\/\/concisa.net.ve\/2024\/wp-json\/wp\/v2\/users\/1"}],"replies":[{"embeddable":true,"href":"https:\/\/concisa.net.ve\/2024\/wp-json\/wp\/v2\/comments?post=124"}],"version-history":[{"count":1,"href":"https:\/\/concisa.net.ve\/2024\/wp-json\/wp\/v2\/pages\/124\/revisions"}],"predecessor-version":[{"id":125,"href":"https:\/\/concisa.net.ve\/2024\/wp-json\/wp\/v2\/pages\/124\/revisions\/125"}],"wp:attachment":[{"href":"https:\/\/concisa.net.ve\/2024\/wp-json\/wp\/v2\/media?parent=124"}],"curies":[{"name":"wp","href":"https:\/\/api.w.org\/{rel}","templated":true}]}}