{"id":108,"date":"2024-08-05T21:32:49","date_gmt":"2024-08-05T21:32:49","guid":{"rendered":"https:\/\/concisa.net.ve\/2024\/?page_id=108"},"modified":"2024-08-05T21:47:19","modified_gmt":"2024-08-05T21:47:19","slug":"pst-envio","status":"publish","type":"page","link":"https:\/\/concisa.net.ve\/2024\/pst-envio\/","title":{"rendered":"PST 2024 &#8211; Env\u00edo de un PST"},"content":{"rendered":"<p><span style=\"display: block; font-size: 20px; padding: 10px; margin-left: 0; -webkit-border-radius: 4px; border-radius: 4px; color: white; text-shadow: 2px 2px black; background-image: linear-gradient(135deg, #f15029, #f15029, #f15029, #c33a11, #000000, #0d5995, #1574c4, #1574c4, #1574c4);\">Env\u00edo de un PST<\/span><\/p>\n<p>Los PSTs deben estar escritos en castellano y defendido en el per\u00edodo comprendido entre el 01\/08\/2022 y el 31\/07\/2024 en los programas de las carreras de computaci\u00f3n, inform\u00e1tica y sistemas. Los trabajos enviados pueden ser individuales o grupales. Para enviar un PST, se requiere un \u00fanico archivo PDF con tres partes:<\/p>\n<ol>\n<li>un resumen (versi\u00f3n corta del PST). El resumen debe contener entre 6 y 12 p\u00e1ginas que describan el contexto del trabajo, justificaci\u00f3n, importancia, objetivos, metodolog\u00eda, pruebas, resultados y logros alcanzados. El formato es libre, en tama\u00f1o carta (8.5\u2033 x 11\u2033), interlineado sencillo. La primera p\u00e1gina del resumen es para identificar el PST, y debe constar del t\u00edtulo del PST, el nombre y correo electr\u00f3nico del autor (o de los autores), la instituci\u00f3n de afiliaci\u00f3n, el nombre y correo electr\u00f3nico del tutor (o de los tutores), y la fecha de defensa.<\/li>\n<li>un documento probatorio de la defensa del PST donde aparezca la fecha de esta (ej., acta o veredicto de defensa)<\/li>\n<li>el informe final completo del PST y URL de la aplicaci\u00f3n de software derivada, si est\u00e1 disponible.<\/li>\n<\/ol>\n<p>El archivo PDF debe ser enviado al siguiente email: <a href=\"mailto: teg.pst@svc.net.ve\">teg.pst@svc.net.ve<\/a>, a m\u00e1s tardar, el d\u00eda de la fecha de cierre de env\u00edos.<\/p>\n<p>Es deseable que los autores seleccionados para recibir los reconocimientos asistan presencialmente a la presentaci\u00f3n de sus trabajos y recepci\u00f3n de los premios, los cuales tambi\u00e9n pueden ser presentados y recibidos por sus tutores. Excepcionalmente se aceptar\u00e1n presentaciones digitales (en l\u00ednea) en caso de que no puedan asistir a la ceremonia de premiaci\u00f3n.<br \/>\n<\/br><\/p>\n<p><span style=\"display: block; font-size: 20px; padding: 10px; margin-left: 0; -webkit-border-radius: 4px; border-radius: 4px; color: white; text-shadow: 2px 2px black; background-image: linear-gradient(135deg, #f15029, #f15029, #f15029, #c33a11, #000000, #0d5995, #1574c4, #1574c4, #1574c4);\">Llamado al Concurso Nacional de PSTs (Versi\u00f3n PDF)<\/span><\/p>\n<p>El llamado al concurso nacional de PSTs 2024 vence el viernes 04 de octubre de 2024. Pueden descargar la versi\u00f3n PDF del llamado al concurso nacional de PSTs en el siguiente <a href=\"http:\/\/concisa.net.ve\/2024\/wp-content\/uploads\/sites\/10\/2024\/08\/CFP-PSTs-2024-v1.2.pdf\" target=\"_blank\" rel=\"noopener noreferrer\">enlace<\/a>.<\/p>\n<p><!-- Commented by Eric\n<span style=\"display: block; font-size: 20px; padding: 7px; margin-left: 0pt; -webkit-border-radius: 4px; border-radius: 4px; color: white; text-shadow: 3px 3px black; background-image: linear-gradient(135deg, #094357, #094357, #094357, #094357, #094357, #094357, #094357, #094357, #1373c3, #94dcf4, #1373c3, #042744);\">Segundo Llamado al Concurso Nacional de PSTs (Versi\u00f3n PDF)<\/span>\nEl llamado al concurso nacional de PSTs 2022 ha sido extendido hasta el viernes 21 de octubre de 2022. Pueden descargar la versi\u00f3n PDF del llamado al concurso nacional de PSTs en el siguiente <a href=\"https:\/\/www.concisa.net.ve\/2022\/wp-content\/uploads\/sites\/9\/2022\/10\/segundo-CFP-PSTs-2022-v1.0.pdf\" target=\"_blank\" rel=\"noopener noreferrer\">enlace<\/a>.\n     Commented by Eric --><\/p>\n","protected":false},"excerpt":{"rendered":"<p>Env\u00edo de un PST Los PSTs deben estar escritos en castellano y defendido en el per\u00edodo comprendido entre el 01\/08\/2022 y el 31\/07\/2024 en los programas de las carreras de computaci\u00f3n, inform\u00e1tica y sistemas.&#46;&#46;&#46;<\/p>\n","protected":false},"author":1,"featured_media":0,"parent":0,"menu_order":0,"comment_status":"closed","ping_status":"closed","template":"","meta":{"footnotes":""},"class_list":["post-108","page","type-page","status-publish","hentry"],"_links":{"self":[{"href":"https:\/\/concisa.net.ve\/2024\/wp-json\/wp\/v2\/pages\/108","targetHints":{"allow":["GET"]}}],"collection":[{"href":"https:\/\/concisa.net.ve\/2024\/wp-json\/wp\/v2\/pages"}],"about":[{"href":"https:\/\/concisa.net.ve\/2024\/wp-json\/wp\/v2\/types\/page"}],"author":[{"embeddable":true,"href":"https:\/\/concisa.net.ve\/2024\/wp-json\/wp\/v2\/users\/1"}],"replies":[{"embeddable":true,"href":"https:\/\/concisa.net.ve\/2024\/wp-json\/wp\/v2\/comments?post=108"}],"version-history":[{"count":1,"href":"https:\/\/concisa.net.ve\/2024\/wp-json\/wp\/v2\/pages\/108\/revisions"}],"predecessor-version":[{"id":109,"href":"https:\/\/concisa.net.ve\/2024\/wp-json\/wp\/v2\/pages\/108\/revisions\/109"}],"wp:attachment":[{"href":"https:\/\/concisa.net.ve\/2024\/wp-json\/wp\/v2\/media?parent=108"}],"curies":[{"name":"wp","href":"https:\/\/api.w.org\/{rel}","templated":true}]}}