{"id":107,"date":"2022-09-16T21:09:00","date_gmt":"2022-09-16T21:09:00","guid":{"rendered":"https:\/\/concisa.net.ve\/2022\/?page_id=107"},"modified":"2022-10-12T19:40:25","modified_gmt":"2022-10-12T19:40:25","slug":"teg-envio","status":"publish","type":"page","link":"https:\/\/concisa.net.ve\/2022\/teg-envio\/","title":{"rendered":"TEG 2022 &#8211; Env\u00edo de un TEG"},"content":{"rendered":"<p><span style=\"display: block; font-size: 20px; padding: 7px; margin-left: 0pt; -webkit-border-radius: 4px; border-radius: 4px; color: white; text-shadow: 3px 3px black; background-image: linear-gradient(135deg, #094357, #094357, #094357, #094357, #094357, #094357, #094357, #094357, #1373c3, #94dcf4, #1373c3, #042744);\">Env\u00edo de un TEG<\/span><br \/>\nLos TEGs deben estar escritos en castellano y defendido en el per\u00edodo comprendido entre el 01\/08\/2020 y el 31\/07\/2022 en los programas de las carreras de computaci\u00f3n, inform\u00e1tica y sistemas. Los trabajos enviados pueden ser individuales o grupales. Para enviar un TEG, se requiere un \u00fanico archivo PDF con tres partes:<\/p>\n<ol>\n<li>un resumen (versi\u00f3n corta del TEG). El resumen debe contener entre 10 y 15 p\u00e1ginas que describan el contexto del trabajo, justificaci\u00f3n, importancia, objetivos, metodolog\u00eda, pruebas, resultados y logros alcanzados. El formato es libre, en tama\u00f1o carta (8.5\u2033 x 11\u2033), interlineado sencillo. La primera p\u00e1gina del resumen es para identificar el TEG, y debe constar del t\u00edtulo del TEG, el nombre y correo electr\u00f3nico del autor (o de los autores), la instituci\u00f3n de afiliaci\u00f3n, el nombre y correo electr\u00f3nico del tutor (o de los tutores), y la fecha de defensa.<\/li>\n<li>un documento probatorio de la defensa del TEG donde aparezca la fecha de esta (ej., acta o veredicto de defensa)<\/li>\n<li>el tomo completo de la memoria o documento del TEG.<\/li>\n<\/ol>\n<p>El archivo PDF debe ser enviado al siguiente email: <a href=\"mailto: teg.pst@svc.net.ve\">teg.pst@svc.net.ve<\/a>, a m\u00e1s tardar, el d\u00eda de la fecha de cierre de env\u00edos.<br \/>\n<\/br><\/p>\n<p><!-- Commented by Eric\n<span style=\"display: block; font-size: 20px; padding: 7px; margin-left: 0pt; -webkit-border-radius: 4px; border-radius: 4px; color: white; text-shadow: 3px 3px black; background-image: linear-gradient(135deg, #094357, #094357, #094357, #094357, #094357, #094357, #094357, #094357, #1373c3, #94dcf4, #1373c3, #042744);\">Llamado al Concurso Nacional de TEGs (Versi\u00f3n PDF)<\/span>\nEl llamado al concurso nacional de TEGs 2022 vence el viernes 07 de octubre de 2022. Pueden descargar la versi\u00f3n PDF del llamado al concurso nacional de TEGs en el siguiente <a href=\"https:\/\/concisa.net.ve\/2022\/wp-content\/uploads\/sites\/9\/2022\/09\/CFP-TEGs-2022-v1.0.pdf\" target=\"_blank\" rel=\"noopener noreferrer\">enlace<\/a>.\n    Commented by Eric --><\/p>\n<p><span style=\"display: block; font-size: 20px; padding: 7px; margin-left: 0pt; -webkit-border-radius: 4px; border-radius: 4px; color: white; text-shadow: 3px 3px black; background-image: linear-gradient(135deg, #094357, #094357, #094357, #094357, #094357, #094357, #094357, #094357, #1373c3, #94dcf4, #1373c3, #042744);\">Segundo llamado al Concurso Nacional de TEGs (Versi\u00f3n PDF)<\/span><br \/>\nEl llamado al concurso nacional de TEGs 2022 ha sido extendido hasta el viernes 21 de octubre de 2022. Pueden descargar la versi\u00f3n PDF del llamado al concurso nacional de TEGs en el siguiente <a href=\"http:\/\/concisa.net.ve\/2022\/wp-content\/uploads\/sites\/9\/2022\/10\/segundo-CFP-TEGs-2022-v2.0.pdf\" target=\"_blank\" rel=\"noopener noreferrer\">enlace<\/a>.<\/p>\n","protected":false},"excerpt":{"rendered":"<p>Env\u00edo de un TEG Los TEGs deben estar escritos en castellano y defendido en el per\u00edodo comprendido entre el 01\/08\/2020 y el 31\/07\/2022 en los programas de las carreras de computaci\u00f3n, inform\u00e1tica y sistemas.&#46;&#46;&#46;<\/p>\n","protected":false},"author":1,"featured_media":0,"parent":0,"menu_order":0,"comment_status":"closed","ping_status":"closed","template":"","meta":{"footnotes":""},"class_list":["post-107","page","type-page","status-publish","hentry"],"_links":{"self":[{"href":"https:\/\/concisa.net.ve\/2022\/wp-json\/wp\/v2\/pages\/107","targetHints":{"allow":["GET"]}}],"collection":[{"href":"https:\/\/concisa.net.ve\/2022\/wp-json\/wp\/v2\/pages"}],"about":[{"href":"https:\/\/concisa.net.ve\/2022\/wp-json\/wp\/v2\/types\/page"}],"author":[{"embeddable":true,"href":"https:\/\/concisa.net.ve\/2022\/wp-json\/wp\/v2\/users\/1"}],"replies":[{"embeddable":true,"href":"https:\/\/concisa.net.ve\/2022\/wp-json\/wp\/v2\/comments?post=107"}],"version-history":[{"count":1,"href":"https:\/\/concisa.net.ve\/2022\/wp-json\/wp\/v2\/pages\/107\/revisions"}],"predecessor-version":[{"id":108,"href":"https:\/\/concisa.net.ve\/2022\/wp-json\/wp\/v2\/pages\/107\/revisions\/108"}],"wp:attachment":[{"href":"https:\/\/concisa.net.ve\/2022\/wp-json\/wp\/v2\/media?parent=107"}],"curies":[{"name":"wp","href":"https:\/\/api.w.org\/{rel}","templated":true}]}}