{"id":522,"date":"2020-10-07T14:37:30","date_gmt":"2020-10-07T14:37:30","guid":{"rendered":"http:\/\/www.concisa.net.ve\/2020\/?page_id=522"},"modified":"2020-10-07T15:10:45","modified_gmt":"2020-10-07T15:10:45","slug":"evi-registro-tutoriales","status":"publish","type":"page","link":"https:\/\/concisa.net.ve\/2020\/evi-registro-tutoriales\/","title":{"rendered":"EVI 2020 &#8211; Registro Tutoriales"},"content":{"rendered":"<p><span style=\"display: block; font-size: 20px; padding: 7px; margin-left: 0pt; -webkit-border-radius: 4px; border-radius: 4px; color: white; text-shadow: 3px 3px black; background-image: linear-gradient(45deg, #f3532c, #f3532c, #042744, #1373c3, #94dcf4, #1373c3, #042744);\">Registro Tutoriales<\/span><\/p>\n<p>Durante EVI 2020, habr\u00e1 tutoriales de 4 horas y otros de 8 horas. La programaci\u00f3n de los tutoriales se puede ver haciendo clic <a href=\"http:\/\/www.concisa.net.ve\/2020\/evi-tutoriales-ofertados\">aqu\u00ed<\/a>. Los tutoriales ser\u00e1n ofertados sin costo, utilizando tecnolog\u00edas de videoconferencia. Si es seleccionado para un tutorial y se da cuenta en alg\u00fan momento que no podr\u00e1 participar, por favor informar a la organizaci\u00f3n enviando un email a <a href=\"mailto: registro@svc.net.ve\">registro@svc.net.ve<\/a> para que se le asigne el cupo a otra persona.<\/p>\n<p>Para postularse como asistente a un tutorial o a varios tutoriales, usted debe tener una cuenta en el sistema de administraci\u00f3n de conferencias (<a href=\"http:\/\/69.31.134.207:8080\" target=\"_blank\" rel=\"noopener noreferrer\">ConfVen<\/a>). Si a\u00fan no tiene cuenta en ConfVen, deber\u00e1 crear su cuenta antes de proceder. Luego, podr\u00e1 postularse a los tutoriales que desee. El sistema es bastante amigable, y le enviar\u00e1 un email luego de cada paso que usted realizar\u00e1 en este. Si no le llegan los emails, por favor revise en su carpeta de spam.<\/p>\n<p>Usted se postula a un tutorial o varios tutoriales. Por ahora, es una postulaci\u00f3n. Los organizadores del evento revisar\u00e1n las postulaciones y de acuerdo a la disponibilidad de cada tutorial, lo seleccionar\u00e1n o no como participante al tutorial. No se preocupe que recibir\u00e1 antes del evento un email con una respuesta a su postulaci\u00f3n. De requerir asistencia con su postulaci\u00f3n, por favor envie un email a <a href=\"mailto: registro@svc.net.ve\">registro@svc.net.ve<\/a>.<\/p>\n<p>Los tutoriales ofertados se realizar\u00e1n a trav\u00e9s de videoconferencias. Los asistentes se conectar\u00e1n desde su casa, u otro lugar de su conveniencia si as\u00ed lo prefieren. Podr\u00e1n interactuar directamente con el tutorialista, y hacer preguntas. Los tutoriales ser\u00e1n grabados. En caso que usted no sea seleccionado para un tutorial, podr\u00e1 visualizarlo luego del evento.<\/p>\n<p>Recuerde que en caso que haya sido seleccionado para un tutorial y por una raz\u00f3n u otra no pueda asistir, debe informar de inmediato enviando un email a <a href=\"mailto: registro@svc.net.ve\">registro@svc.net.ve<\/a>.<\/p>\n","protected":false},"excerpt":{"rendered":"<p>Registro Tutoriales Durante EVI 2020, habr\u00e1 tutoriales de 4 horas y otros de 8 horas. La programaci\u00f3n de los tutoriales se puede ver haciendo clic aqu\u00ed. Los tutoriales ser\u00e1n ofertados sin costo, utilizando tecnolog\u00edas&#46;&#46;&#46;<\/p>\n","protected":false},"author":1,"featured_media":0,"parent":0,"menu_order":0,"comment_status":"closed","ping_status":"closed","template":"","meta":{"footnotes":""},"class_list":["post-522","page","type-page","status-publish","hentry"],"_links":{"self":[{"href":"https:\/\/concisa.net.ve\/2020\/wp-json\/wp\/v2\/pages\/522","targetHints":{"allow":["GET"]}}],"collection":[{"href":"https:\/\/concisa.net.ve\/2020\/wp-json\/wp\/v2\/pages"}],"about":[{"href":"https:\/\/concisa.net.ve\/2020\/wp-json\/wp\/v2\/types\/page"}],"author":[{"embeddable":true,"href":"https:\/\/concisa.net.ve\/2020\/wp-json\/wp\/v2\/users\/1"}],"replies":[{"embeddable":true,"href":"https:\/\/concisa.net.ve\/2020\/wp-json\/wp\/v2\/comments?post=522"}],"version-history":[{"count":14,"href":"https:\/\/concisa.net.ve\/2020\/wp-json\/wp\/v2\/pages\/522\/revisions"}],"predecessor-version":[{"id":556,"href":"https:\/\/concisa.net.ve\/2020\/wp-json\/wp\/v2\/pages\/522\/revisions\/556"}],"wp:attachment":[{"href":"https:\/\/concisa.net.ve\/2020\/wp-json\/wp\/v2\/media?parent=522"}],"curies":[{"name":"wp","href":"https:\/\/api.w.org\/{rel}","templated":true}]}}