{"id":442,"date":"2020-10-02T15:40:26","date_gmt":"2020-10-02T15:40:26","guid":{"rendered":"http:\/\/www.concisa.net.ve\/2020\/?page_id=442"},"modified":"2022-10-07T16:46:42","modified_gmt":"2022-10-07T16:46:42","slug":"evi-tutoriales-ofertados","status":"publish","type":"page","link":"https:\/\/concisa.net.ve\/2020\/evi-tutoriales-ofertados\/","title":{"rendered":"EVI 2020 &#8211; Tutoriales Ofertados"},"content":{"rendered":"<p><span style=\"display: block; font-size: 20px; padding: 7px; margin-left: 0pt; -webkit-border-radius: 4px; border-radius: 4px; color: white; text-shadow: 3px 3px black; background-image: linear-gradient(45deg, #f3532c, #f3532c, #042744, #1373c3, #94dcf4, #1373c3, #042744);\">Tutoriales Ofertados<\/span><\/p>\n<p>Durante EVI 2020, habr\u00e1 tutoriales de 4 horas y otros de 8 horas. Los tutoriales ser\u00e1n ofertados sin costo, utilizando tecnolog\u00edas de videoconferencia. Para postularse como asistente a un tutorial o a varios tutoriales, siga los pasos especificados <a href=\"http:\/\/www.concisa.net.ve\/2020\/evi-registro-tutoriales\">aqu\u00ed<\/a>. La programac\u00f3n de los tutoriales es la siguiente:<\/p>\n<h4 style=\"font-size: 130%\">Lunes 9 de noviembre de 2020<\/h4>\n<ul>\n<li><strong>EVI11: <a href=\"http:\/\/www.concisa.net.ve\/2020\/evi-tutoriales#evi11\">Una Aproximaci\u00f3n hacia la Interacci\u00f3n Humano Computadora y a los Sistemas Interactivos<\/a><\/strong> (08:30 AM a 12:00 M + 01:30 PM a 05:00 PM)<\/li>\n<li><strong>EVI12: <a href=\"http:\/\/www.concisa.net.ve\/2020\/evi-tutoriales#evi12\">Uso de la Herramienta GNU Privacy Guard para Criptograf\u00eda, Firmas Digitales y Correo Electr\u00f3nico<\/a><\/strong> (01:30 PM a 05:00 PM)<\/li>\n<\/ul>\n<h4 style=\"font-size: 130%\">Martes 10 de noviembre de 2020<\/h4>\n<ul>\n<li><strong>EVI21: <a href=\"http:\/\/www.concisa.net.ve\/2020\/evi-tutoriales#evi21\">Teor\u00eda y Pr\u00e1ctica de Deep Learning: Redes Neurales Convolucionales y Redes Neurales Recurrentes<\/a><\/strong> (08:30 AM a 12:00 M + 01:30 PM a 05:00 PM)<\/li>\n<li><del><strong>EVI22: <a href=\"http:\/\/www.concisa.net.ve\/2020\/evi-tutoriales#evi22\">Introducci\u00f3n a la Gesti\u00f3n de Proyectos con SCRUM<\/a><\/strong> (01:30 PM a 05:00 PM)<\/del><\/li>\n<\/ul>\n<h4 style=\"font-size: 130%\">Mi\u00e9rcoles 11 de noviembre de 2020<\/h4>\n<ul>\n<li><strong>EVI31: <a href=\"http:\/\/www.concisa.net.ve\/2020\/evi-tutoriales#evi31\">Introducci\u00f3n al Pentesting con Python y Kali Linux<\/a><\/strong> (08:30 AM a 12:00 M + 01:30 PM a 05:00 PM)<\/li>\n<li><strong>EVI32: <a href=\"http:\/\/www.concisa.net.ve\/2020\/evi-tutoriales#evi32\">Control en Rob\u00f3tica M\u00f3vily Aprendizaje Autom\u00e1tico<\/a><\/strong> (08:30 AM a 12:00 M + 01:30 PM a 05:00 PM)<\/li>\n<\/ul>\n<p>&nbsp;<\/p>\n<p><span style=\"display: block; font-size: 20px; padding: 7px; margin-left: 0pt; -webkit-border-radius: 4px; border-radius: 4px; color: white; text-shadow: 3px 3px black; background-image: linear-gradient(45deg, #f3532c, #f3532c, #042744, #1373c3, #94dcf4, #1373c3, #042744);\">Informaci\u00f3n de los Tutoriales<\/span><\/p>\n<p><a name=\"evi11\"><\/a><br \/>\n<span style=\"font-weight:bold;font-size:110%\">EVI11: Una Aproximaci\u00f3n hacia la Interacci\u00f3n Humano-Computadora y a los Sistemas Interactivos<\/span><br \/>\n<strong>Tutorialistas:<\/strong> Livia Borjas (Universidad Cat\u00f3lica Andr\u00e9s Bello de Guayana, Venezuela) y Keyla Rivas (Universidad Central de Venezuela, Venezuela)<br \/>\n<strong>Fecha:<\/strong> Lunes 9 de noviembre de 2020<br \/>\n<strong>Hora:<\/strong> 08:30 AM a 12:00 M + 01:30 PM a 05:00 PM<br \/>\n<strong>Duraci\u00f3n:<\/strong> 8 horas<br \/>\n<strong>Contenido:<\/strong> (1) \u00bfQu\u00e9 es la IHC? (2) Importancia, Evoluci\u00f3n y Objetivos, (3) Fundamentos y Disciplinas Relacionadas, (3a) Interacci\u00f3n, tipos, modos, estilos y paradigmas, (3b) An\u00e1lisis y Dise\u00f1o de la IHC, (3c) UI, UX, Atributos de Calidad, (3d) DCU y Prototipado, (3e) Herramientas, (4) Laboratorio de Evaluaci\u00f3n y Dise\u00f1o basado en Usabilidad y Accesibilidad, (5) Estudio del Estado del Arte y Aplicaciones de la IHC, (6) Experiencia de la Comunidad Virtual ProInteraction y su Seminario de Tecnolog\u00edas Emergentes en el marco de la asignatura de IHC de la UCAB Guayana y en la asignatura de Interacci\u00f3n Humano Computador de la Escuela de Computaci\u00f3n de la Universidad Central de Venezuela, (6a) Prox\u00e9mica, Aplicaciones basadas en Geolocalizaci\u00f3n y Tracking, (6b) Evaluaci\u00f3n de la Usabilidad y de la Experiencia del Usuario, Arquitectura de Contenidos, (6c) Computaci\u00f3n Afectiva, Arquitectura de la Informaci\u00f3n, Dise\u00f1o Emocional y Eye Tracking.<br \/>\n<strong>M\u00e1s Informaci\u00f3n:<\/strong> Haga clic en el siguiente <a href=\"https:\/\/www.concisa.net.ve\/2020\/wp-content\/uploads\/sites\/8\/2020\/10\/EVI101.pdf\" target=\"_blank\" rel=\"noopener noreferrer\">enlace<\/a>.<br \/>\n&nbsp;<\/p>\n<p><a name=\"evi12\"><\/a><br \/>\n<span style=\"font-weight:bold;font-size:110%\">EVI12: Uso de la Herramienta GNU Privacy Guard (GPG) para Criptograf\u00eda, Firmas Digitales y Correo Electr\u00f3nico Cifrado<\/span><br \/>\n<strong>Tutorialista:<\/strong> Miguel Astor (Universidad Central de Venezuela, Venezuela)<br \/>\n<strong>Fecha:<\/strong> Lunes 9 de noviembre de 2020<br \/>\n<strong>Hora:<\/strong> 01:30 PM a 05:00 PM<br \/>\n<strong>Duraci\u00f3n:<\/strong> 4 horas<br \/>\n<strong>Contenido:<\/strong> (1) Introducci\u00f3n a la Criptograf\u00eda, (1a) Tipos de criptograf\u00eda, (1b) criptograf\u00eda sim\u00e9trica y asim\u00e9trica, (1c) algoritmos criptogr\u00e1ficos, (1d) el est\u00e1ndar OpenPGP, (2) T\u00f3picos de Criptograf\u00eda Asim\u00e9trica, (2a) Historia de la criptograf\u00eda asim\u00e9trica, (2b) usos de la criptograf\u00eda asim\u00e9trica, (2c) cifrado, (2d) creaci\u00f3n y verificaci\u00f3n de firmas digitales, (2e) identificaci\u00f3n, (3) Algoritmos de Criptograf\u00eda Asim\u00e9trica, (3a) Diffie-Hellman, (3b) RSA, (4) Uso de GPG,<br \/>\n(4a) Creaci\u00f3n de llaveros, (4b) creaci\u00f3n de pares de claves p\u00fablica\/privada, (4c) cifrado sim\u00e9trico, (4d) cifrado asim\u00e9trico, (4e) firmado y verificaci\u00f3n de archivos, (4f) manipulaci\u00f3n de claves, (4g) servidores de claves, (4h) red de confianza, (5) Correo Electr\u00f3nico Seguro, (5a) Integraci\u00f3n de Thunderbird con GPG, (5b) firmado de correos salientes, (5c) verificaci\u00f3n de correos entrantes, (5d) cifrado y descifrado de correos.<br \/>\n<strong>M\u00e1s Informaci\u00f3n:<\/strong> Haga clic en el siguiente <a href=\"https:\/\/www.concisa.net.ve\/2020\/wp-content\/uploads\/sites\/8\/2020\/10\/EVI105.pdf\" target=\"_blank\" rel=\"noopener noreferrer\">enlace<\/a>.<br \/>\n&nbsp;<\/p>\n<p><a name=\"evi21\"><\/a><br \/>\n<span style=\"font-weight:bold;font-size:110%\">EVI21: Teor\u00eda y Pr\u00e1ctica de Deep Learning &#8211; Redes Neurales Convolucionales y Redes Neurales Recurrentes<\/span><br \/>\n<strong>Tutorialista:<\/strong> Wilmer Pereira (Instituto Tecnol\u00f3gico Aut\u00f3nomo de M\u00e9xico, M\u00e9xico)<br \/>\n<strong>Fecha:<\/strong> Martes 10 de noviembre de 2020<br \/>\n<strong>Hora:<\/strong> 08:30 AM a 12:00 M + 01:30 PM a 05:00 PM<br \/>\n<strong>Duraci\u00f3n:<\/strong> 8 horas<br \/>\n<strong>Contenido:<\/strong> (1) Tipos de aprendizaje autom\u00e1tico, (1a) Supervisado, (1b) No supervisado, (1c) Reforzamiento, (2) Redes Neurales Superficiales, (2a) Arquitectura b\u00e1sica, (2b) Funciones de propagaci\u00f3n, activaci\u00f3n y p\u00e9rdida, (2c) Conjuntos de entrenamiento, validaci\u00f3n y prueba, (2d) Descenso de gradiente, (2e) Configuraci\u00f3n de una red neural b\u00e1sica en Keras para IMDB (Rese\u00f1as de pel\u00edculas), (2f) Overfitting y undefitting, (2g) Regularizaci\u00f3n y dropout, (3) Redes Neurales Convolucionadas, (3a) Tensores, (3b) Arquitectura por niveles: convoluci\u00f3n, filtrado y reducci\u00f3n (Max-polling), (3c) Configuraci\u00f3n b\u00e1sica de una CNN para MNIST (Reconocimiento de d\u00edgitos), (3d) Hiperpar\u00e1metros, (3e) Configuraci\u00f3n de una CNN en Keras para im\u00e1genes de perros y gatos, (4) Redes Neurales Recurrentes, (4a) Procesamiento de texto: one-hot-encoding y word embedding, (4b) Ejemplo en Keras de RNN simple para IMDB, (4c) Arquitectura LSTM y GRU, (4e) Ejemplo en Keras con LSTM para IMDB, (4f) Series de tiempo con GRU (ejemplo de predicci\u00f3n de temperatura diaria).<br \/>\n<strong>M\u00e1s Informaci\u00f3n:<\/strong> Haga clic en el siguiente <a href=\"https:\/\/www.concisa.net.ve\/2020\/wp-content\/uploads\/sites\/8\/2020\/10\/EVI102.pdf\" target=\"_blank\" rel=\"noopener noreferrer\">enlace<\/a>.<br \/>\n&nbsp;<\/p>\n<p><a name=\"evi22\"><\/a><br \/>\n<span style=\"font-weight:bold;font-size:110%\"><del>EVI22: Introducci\u00f3n a la Gesti\u00f3n de Proyectos con SCRUM<\/del> (<span style=\"color: #ff0000;\">Cancelado<\/span>)<\/span><br \/>\n<strong>Tutorialista:<\/strong> Aleidys Arraiz (Universidad Polit\u00e9cnica Territorial del Estado Aragua \u201cFederico Brito Figueroa\u201d, Venezuela)<br \/>\n<strong>Fecha:<\/strong> Martes 10 de noviembre de 2020<br \/>\n<strong>Hora:<\/strong> 01:30 PM a 05:00 PM<br \/>\n<strong>Duraci\u00f3n:<\/strong> 4 horas<br \/>\n<strong>Contenido:<\/strong> (1) Definici\u00f3n de Gesti\u00f3n de Proyectos, (2) Fases o etapas de la Gesti\u00f3n de Proyectos, (3) Definiciones de SCRUM, (4) Fases de SCRUM, (5) Roles de SCRUM, (6) Artefactos de SCRUM, (7) Priorizaci\u00f3n y Roadmaps, (8) Ciclo de vida de SCRUM, (9) Herramientas de Gesti\u00f3n de Proyectos con SCRUM: jira, trello, asana, azure boards y planning poker.<br \/>\n<strong>M\u00e1s Informaci\u00f3n:<\/strong> Haga clic en el siguiente <a href=\"https:\/\/www.concisa.net.ve\/2020\/wp-content\/uploads\/sites\/8\/2020\/10\/EVI107.pdf\" target=\"_blank\" rel=\"noopener noreferrer\">enlace<\/a>.<br \/>\n&nbsp;<\/p>\n<p><a name=\"evi31\"><\/a><br \/>\n<span style=\"font-weight:bold;font-size:110%\">EVI31: Introducci\u00f3n al Pentesting con Python y Kali Linux<\/span><br \/>\n<strong>Tutorialista:<\/strong> Jaime Parada (Universidad Central de Venezuela, Venezuela)<br \/>\n<strong>Fecha:<\/strong> Mi\u00e9rcoles 11 de noviembre de 2020<br \/>\n<strong>Hora:<\/strong> 08:30 AM a 12:00 M + 01:30 PM a 05:00 PM<br \/>\n<strong>Duraci\u00f3n:<\/strong> 8 horas<br \/>\n<strong>Contenido:<\/strong> (1) Introducci\u00f3n al mundo del Hacking, (2) Instalando y configurando Kali Linux, (3) L\u00ednea de Comandos de Linux, bash scripting y herramientas pr\u00e1cticas, (4) Reconocimiento, (4a) Recolecci\u00f3n de informaci\u00f3n pasiva, (4b) Recolecci\u00f3n de informaci\u00f3n activa, (5) Escaneo de Vulnerabilidades, (6) Pentesting a nivel de Red, (7) Ataques a Aplicaciones Web.<br \/>\n<strong>M\u00e1s Informaci\u00f3n:<\/strong> Haga clic en el siguiente <a href=\"https:\/\/www.concisa.net.ve\/2020\/wp-content\/uploads\/sites\/8\/2020\/10\/EVI104.pdf\" target=\"_blank\" rel=\"noopener noreferrer\">enlace<\/a>.<br \/>\n&nbsp;<\/p>\n<p><a name=\"evi32\"><\/a><br \/>\n<span style=\"font-weight:bold;font-size:110%\">EVI32: Control en Rob\u00f3tica M\u00f3vil y Aprendizaje Autom\u00e1tico<\/span><br \/>\n<strong>Tutorialista:<\/strong> Jes\u00fas L\u00e1rez (Universidad Cat\u00f3lica Andr\u00e9s Bello de Guayana, Venezuela) y Livia Borjas (Universidad Cat\u00f3lica Andr\u00e9s Bello de Guayana, Venezuela)<br \/>\n<strong>Fecha:<\/strong> Mi\u00e9rcoles 11 de noviembre de 2020<br \/>\n<strong>Hora:<\/strong> 08:30 AM a 12:00 M + 01:30 PM a 05:00 PM<br \/>\n<strong>Duraci\u00f3n:<\/strong> 8 horas<br \/>\n<strong>Contenido:<\/strong> (1) Introducci\u00f3n a la Inteligencia Artificial, (2) Introducci\u00f3n a la rob\u00f3tica \u2013 Nacimiento, definici\u00f3n, usos, categor\u00edas y clasificaciones, (3) Robots m\u00f3viles \u2013 Caracterizaci\u00f3n y clasificaci\u00f3n, subsistemas y componentes, Locomoci\u00f3n, Sensores, Actuadores, Transmisiones y reductores, (3a) Paradigmas en rob\u00f3tica &#8211; evoluci\u00f3n a la autonom\u00eda, primitivas en paradigma, paradigma jer\u00e1rquico, paradigma reactivo, paradigma hibrido (deliberativo\/reactivo), (3b) Navegaci\u00f3n \u2013 Navegaci\u00f3n, desaf\u00edos y procesos involucrados, memoria espacial, planificaci\u00f3n de trayectorias, localizaci\u00f3n, SLAM (localizaci\u00f3n y mapeo simultaneo), Arquitecturas de control de robot, (3c) Casos de estudio Robots M\u00f3viles (Construcci\u00f3n y\/o Programaci\u00f3n de robots basados en Arduino y robots velocistas para competencia), (4) Introducci\u00f3n a los Fundamentos del Aprendizaje Autom\u00e1tico, (5) Laboratorio de Aprendizaje Autom\u00e1tico, estudio de casos acad\u00e9micos, (6) Aplicaciones de la Rob\u00f3tica M\u00f3vil con Aprendizaje Autom\u00e1tico, (6a) Robots M\u00f3viles Colaborativos, aplicaciones a la Industria 4.0, (6b) Robots Bitcoin (Aplicaciones de Minado de Criptomonedas), (6c) Aprendizaje Profundo (Deep Learning).<br \/>\n<strong>M\u00e1s Informaci\u00f3n:<\/strong> Haga clic en el siguiente <a href=\"https:\/\/www.concisa.net.ve\/2020\/wp-content\/uploads\/sites\/8\/2020\/10\/EVI103.pdf\" target=\"_blank\" rel=\"noopener noreferrer\">enlace<\/a>.<br \/>\n&nbsp;<\/p>\n","protected":false},"excerpt":{"rendered":"<p>Tutoriales Ofertados Durante EVI 2020, habr\u00e1 tutoriales de 4 horas y otros de 8 horas. Los tutoriales ser\u00e1n ofertados sin costo, utilizando tecnolog\u00edas de videoconferencia. Para postularse como asistente a un tutorial o a&#46;&#46;&#46;<\/p>\n","protected":false},"author":1,"featured_media":0,"parent":0,"menu_order":0,"comment_status":"closed","ping_status":"closed","template":"","meta":{"footnotes":""},"class_list":["post-442","page","type-page","status-publish","hentry"],"_links":{"self":[{"href":"https:\/\/concisa.net.ve\/2020\/wp-json\/wp\/v2\/pages\/442","targetHints":{"allow":["GET"]}}],"collection":[{"href":"https:\/\/concisa.net.ve\/2020\/wp-json\/wp\/v2\/pages"}],"about":[{"href":"https:\/\/concisa.net.ve\/2020\/wp-json\/wp\/v2\/types\/page"}],"author":[{"embeddable":true,"href":"https:\/\/concisa.net.ve\/2020\/wp-json\/wp\/v2\/users\/1"}],"replies":[{"embeddable":true,"href":"https:\/\/concisa.net.ve\/2020\/wp-json\/wp\/v2\/comments?post=442"}],"version-history":[{"count":66,"href":"https:\/\/concisa.net.ve\/2020\/wp-json\/wp\/v2\/pages\/442\/revisions"}],"predecessor-version":[{"id":749,"href":"https:\/\/concisa.net.ve\/2020\/wp-json\/wp\/v2\/pages\/442\/revisions\/749"}],"wp:attachment":[{"href":"https:\/\/concisa.net.ve\/2020\/wp-json\/wp\/v2\/media?parent=442"}],"curies":[{"name":"wp","href":"https:\/\/api.w.org\/{rel}","templated":true}]}}