{"id":104,"date":"2018-08-08T11:40:09","date_gmt":"2018-08-08T11:40:09","guid":{"rendered":"http:\/\/www.concisa.net.ve\/2018\/?page_id=104"},"modified":"2018-10-07T02:53:43","modified_gmt":"2018-10-07T02:53:43","slug":"transporte-y-alojamiento","status":"publish","type":"page","link":"https:\/\/concisa.net.ve\/2018\/transporte-y-alojamiento\/","title":{"rendered":"Transporte y Alojamiento"},"content":{"rendered":"<h2><b>Transporte<\/b><\/h2>\n<h3>Llegando en avi\u00f3n<\/h3>\n<p>Desde mediados de febrero 2008 hasta la fecha los vuelos comerciales llegan al aeropuerto Juan Pablo P\u00e9rez Alfonzo (<a href=\"https:\/\/www.google.com\/url?q=https%3A%2F%2Fes.wikipedia.org%2Fwiki%2FC%25C3%25B3digo_de_aeropuertos_de_IATA&amp;sa=D&amp;sntz=1&amp;usg=AFQjCNHko5h_rj2fYmLKjpXfNXvaPfZgCg\" target=\"_blank\" rel=\"noopener noreferrer\">c\u00f3digo IATA<\/a>: <b>VIG<\/b>, <a href=\"https:\/\/www.google.com\/url?q=https%3A%2F%2Fes.wikipedia.org%2Fwiki%2FC%25C3%25B3digo_de_aeropuertos_de_OACI&amp;sa=D&amp;sntz=1&amp;usg=AFQjCNFieWFp4ScVqfzry2U3xroa-nAsHA\" target=\"_blank\" rel=\"noopener noreferrer\">c\u00f3digo OACI<\/a>: <b>SVVG<\/b>) ubicado en la ciudad de El Vig\u00eda, aprox. a 90 minutos de la ciudad de M\u00e9rida. Las l\u00edneas a\u00e9reas que vuelan a la ciudad de El Vig\u00eda son L\u00e1ser Airlines y Conviasa.<\/p>\n<p>Desde el aeropuerto puede tomar un bus de Aerotransfer o Transfer M\u00e9rida que prestan servicio de traslado hasta la ciudad de M\u00e9rida. Tambi\u00e9n puede tomar un taxi desde el aeropuerto hasta M\u00e9rida. Otra opci\u00f3n puede ser trasladarse en taxi hasta el terminal de pasajeros de El Vig\u00eda y all\u00ed tomar transporte p\u00fablico hasta M\u00e9rida.<\/p>\n<h3>Traslados dentro de M\u00e9rida<\/h3>\n<p>Debido al d\u00e9ficit actual de unidades de transporte p\u00fablico recomendamos realizar el traslado dentro de la ciudad con taxis. A continuaci\u00f3n encontrar\u00e1 algunos n\u00famero telef\u00f3nicos de l\u00edneas de taxi cercanas a la Facultad de Ingenier\u00eda:<\/p>\n<ul>\n<li>Taxis Santa (0274) 2447132<\/li>\n<li>Taxis San Francisco (0274) 2448476<\/li>\n<li>Taxis Beethoven (0274) 2440859<\/li>\n<li>Taxis El Bosque (0274) 2443344<\/li>\n<\/ul>\n<h2><b>Alojamiento<\/b><\/h2>\n<h3>Hoteles y posadas cercanos a la Facultad de Ingenier\u00eda:<\/h3>\n<ul>\n<li>Hotel La Terraza <cite><a href=\"https:\/\/www.google.com\/url?sa=t&amp;rct=j&amp;q=&amp;esrc=s&amp;source=web&amp;cd=1&amp;ved=2ahUKEwiKiufY99ncAhXrRt8KHZCID0cQFjAAegQICRAB&amp;url=https%3A%2F%2Fhotelaterraza.com%2F&amp;usg=AOvVaw3cyNtjznYCjnpBs2XKGH5P\" target=\"_blank\" rel=\"noopener noreferrer\">https:\/\/hotelaterraza.com<\/a><\/cite><\/li>\n<li>Hotel Tibisay <cite><a href=\"http:\/\/www.google.com\/url?q=http%3A%2F%2Ftibisayhotelboutique.com%2Fmerida%2F&amp;sa=D&amp;sntz=1&amp;usg=AFQjCNHa40jKs0TssGgLAFi-Ew9OXao7dA\" target=\"_blank\" rel=\"noopener noreferrer\">tibisayhotelboutique.com\/merida<\/a>\/<\/cite><\/li>\n<li>Hotel Convenci\u00f3n <cite><a href=\"http:\/\/www.google.com\/url?q=http%3A%2F%2Fconvencionhb.com%2F&amp;sa=D&amp;sntz=1&amp;usg=AFQjCNHInl3IgKZCCTbrEv7KgZkcX4CQ9g\" target=\"_blank\" rel=\"noopener noreferrer\">convencionhb.com\/<\/a><\/cite><\/li>\n<li>Hotel Venetur M\u00e9rida <a href=\"http:\/\/www.google.com\/url?q=http%3A%2F%2Fwww.venetur.gob.ve%2Fsite%2Fpage.jsp%3Fview%3Dhmerida&amp;sa=D&amp;sntz=1&amp;usg=AFQjCNHfN_ec-Z-ED4SD67H4wg9NMUKJiQ\" target=\"_blank\" rel=\"noopener noreferrer\">http:\/\/www.venetur.gob.ve\/site\/page.jsp?view=hmerida<\/a><\/li>\n<li>Hotel Mucubaj\u00ed <a href=\"http:\/\/www.google.com\/url?q=http%3A%2F%2Fwww.hotelier.net.ve%2Fhoteles%2Fhotel-mucubaji%2F&amp;sa=D&amp;sntz=1&amp;usg=AFQjCNFedq64KLoNIrx3vXU8wv7VhGOUYA\" target=\"_blank\" rel=\"noopener noreferrer\">http:\/\/www.hotelier.net.ve\/hoteles\/hotel-mucubaji\/<\/a><\/li>\n<li>Hotel Los Lirios <cite><a href=\"http:\/\/www.google.com\/url?q=http%3A%2F%2Fhotelloslirios.com%2F&amp;sa=D&amp;sntz=1&amp;usg=AFQjCNEOu67I8mzJ0TjYg7aJI-sNNUarvg\" target=\"_blank\" rel=\"noopener noreferrer\">hotelloslirios.com<\/a><\/cite><\/li>\n<li><cite>Posada Tramontana <\/cite><cite><a href=\"http:\/\/www.google.com\/url?q=http%3A%2F%2Fwww.posadatramontana.com.ve%2F&amp;sa=D&amp;sntz=1&amp;usg=AFQjCNF2xPXC-Hd6x39teRA1pF7cEwHIhQ\" target=\"_blank\" rel=\"noopener noreferrer\">www.posadatramontana.com.ve<\/a><\/cite><\/li>\n<li><cite>Posada Suiza<\/cite><a href=\"http:\/\/www.google.com\/url?q=http%3A%2F%2Fwww.posadasuiza.net%2F&amp;sa=D&amp;sntz=1&amp;usg=AFQjCNFbJbEmizZbOMdgDhodCHwj-VSsng\" target=\"_blank\" rel=\"noopener noreferrer\"><cite> www.posadasuiza.net\/<\/cite><\/a><\/li>\n<li><cite>Posada Casa Sol <a href=\"http:\/\/www.google.com\/url?q=http%3A%2F%2Fwww.posadacasasol.com&amp;sa=D&amp;sntz=1&amp;usg=AFQjCNHXqhI3vDb4fcZ96IMiah6w5cgV6A\" target=\"_blank\" rel=\"noopener noreferrer\">www.posadacasasol.com<\/a>\u00a0 <\/cite><\/li>\n<\/ul>\n","protected":false},"excerpt":{"rendered":"<p>Transporte Llegando en avi\u00f3n <\/p>\n<p>Desde mediados de febrero 2008 hasta la fecha los vuelos comerciales llegan al aeropuerto Juan Pablo P\u00e9rez Alfonzo (c\u00f3digo IATA: VIG, c\u00f3digo OACI: SVVG) ubicado en la ciudad de El Vig\u00eda, aprox. a 90 minutos de la ciudad de M\u00e9rida. Las l\u00edneas a\u00e9reas que vuelan a la ciudad de El Vig\u00eda [&#8230;]<\/p>\n","protected":false},"author":3,"featured_media":0,"parent":0,"menu_order":0,"comment_status":"closed","ping_status":"closed","template":"","meta":{"footnotes":""},"class_list":["post-104","page","type-page","status-publish","hentry","odd"],"_links":{"self":[{"href":"https:\/\/concisa.net.ve\/2018\/wp-json\/wp\/v2\/pages\/104","targetHints":{"allow":["GET"]}}],"collection":[{"href":"https:\/\/concisa.net.ve\/2018\/wp-json\/wp\/v2\/pages"}],"about":[{"href":"https:\/\/concisa.net.ve\/2018\/wp-json\/wp\/v2\/types\/page"}],"author":[{"embeddable":true,"href":"https:\/\/concisa.net.ve\/2018\/wp-json\/wp\/v2\/users\/3"}],"replies":[{"embeddable":true,"href":"https:\/\/concisa.net.ve\/2018\/wp-json\/wp\/v2\/comments?post=104"}],"version-history":[{"count":0,"href":"https:\/\/concisa.net.ve\/2018\/wp-json\/wp\/v2\/pages\/104\/revisions"}],"wp:attachment":[{"href":"https:\/\/concisa.net.ve\/2018\/wp-json\/wp\/v2\/media?parent=104"}],"curies":[{"name":"wp","href":"https:\/\/api.w.org\/{rel}","templated":true}]}}