{"id":49,"date":"2016-03-23T03:25:37","date_gmt":"2016-03-23T03:25:37","guid":{"rendered":"http:\/\/www.concisa.net.ve\/2016\/?page_id=49"},"modified":"2022-10-22T16:48:48","modified_gmt":"2022-10-22T16:48:48","slug":"llamado-a-articulos","status":"publish","type":"page","link":"https:\/\/concisa.net.ve\/2016\/llamado-a-articulos\/","title":{"rendered":"Llamado a Art\u00edculos"},"content":{"rendered":"<p><span style=\"display: block; font-size: 20px; padding: 10px; margin-left: 0; -webkit-border-radius: 4px; border-radius: 4px; color: white; text-shadow: 2px 2px black; background-image: linear-gradient(135deg, #f15029, #f15029, #0d5995, #1574c4, #063358, #0d5995, #101112, #101112, #101112);\">Llamado a Art\u00edculos<\/span><\/p>\n<h4>Sesiones de Trabajo<\/h4>\n<p><b>Sesi\u00f3n de investigaci\u00f3n:<\/b> se considerar\u00e1n trabajos de investigaci\u00f3n originales en todas las \u00e1reas de computaci\u00f3n que no hayan sido publicados. Se aceptar\u00e1n dos modalidades de contribuci\u00f3n: art\u00edculos largos (hasta 12 p\u00e1ginas) destinados a reportar investigaciones cient\u00edficas y aplicadas culminadas; y art\u00edculos cortos (hasta 5 p\u00e1ginas) destinados a reportar avances de investigaci\u00f3n o a generar discusi\u00f3n sobre temas de inter\u00e9s cient\u00edfico. Los art\u00edculos enviados ser\u00e1n sujetos a revisi\u00f3n rigurosa en base a criterios est\u00e1ndares de claridad, pertinencia, importancia y originalidad.<\/p>\n<p><b>Sesi\u00f3n de tecnolog\u00edas y herramientas computacionales:<\/b> se considerar\u00e1n trabajos desarrollados y probados a nivel nacional, que contribuyen en la soluci\u00f3n de problemas computacionales de cierta complejidad. Se aceptar\u00e1n dos modalidades de contribuci\u00f3n: art\u00edculos (hasta 12 p\u00e1ginas) destinados a describir el problema y las caracter\u00edsticas t\u00e9cnicas de la soluci\u00f3n; y demostraciones tecnol\u00f3gicas que deben ser descritas en un resumen (hasta 5 p\u00e1ginas). Los trabajos enviados ser\u00e1n evaluados en base a claridad, pertinencia, importancia e innovaci\u00f3n.<\/p>\n<p><b>Sesi\u00f3n de Gesti\u00f3n de Tecnolog\u00edas de Informaci\u00f3n:<\/b> se considerar\u00e1n reportes (hasta 10 p\u00e1ginas) de experiencias en soluciones t\u00e9cnicas de gesti\u00f3n, que hayan sido desarrolladas, adaptadas, probadas y\/o mejoradas, para resolver problemas encontrados en organizaciones venezolanas o en la administraci\u00f3n p\u00fablica nacional (gobierno electr\u00f3nico, organizaci\u00f3n comunitaria, etc). Los trabajos enviados ser\u00e1n evaluados en base a claridad, pertinencia, importancia e innovaci\u00f3n.<\/p>\n<h4>Informaci\u00f3n para el Env\u00edo de Trabajos<\/h4>\n<p>Los trabajos aceptados ser\u00e1n publicados en las memorias de la conferencia y en la p\u00e1gina web de CoNCISa. Para que la evaluaci\u00f3n de los trabajos sea m\u00e1s justa, esta se har\u00e1 a ciegas. <\/p>\n<p>Los trabajos deben ser escritos en castellano y deben ser enviados en PDF a trav\u00e9s de <a href=\"https:\/\/www.easychair.org\/conferences\/?conf=concisa2016\" target=\"_blank\" rel=\"noopener\">EasyChair<\/a>, tomando como referencia el formato para art\u00edculos de IEEE (<a href=\"http:\/\/www.ieee.org\/conferences_events\/conferences\/publishing\/templates.html\" target=\"_blank\" rel=\"noopener\">Manuscript Templates for Conference Proceedings<\/a>) en tama\u00f1o carta (8.5\u2033 x 11\u2033). Tambi\u00e9n, se debe tomar en cuenta lo siguiente:<\/p>\n<ul>\n<li>Las referencias bibliogr\u00e1ficas deber\u00edan estar citadas expl\u00edcitamente en el trabajo. Cada cita es un n\u00famero entre corchetes ([1], [2], [3], etc), apareciendo de forma ascendente, secuencialmente en el texto, y que remita a la correspondiente referencia. Para mayor detalles sobre el formato y el tipo de referencias, consultar las plantillas del IEEE.<\/li>\n<li>Como el proceso de evaluaci\u00f3n de los trabajos se hace a ciegas, los trabajos (archivos PDF) subidos en <a href=\"https:\/\/www.easychair.org\/conferences\/?conf=concisa2016\" target=\"_blank\" rel=\"noopener\">EasyChair<\/a> no deben tener datos que permitan identificar los autores. Por ende, los autores deben eliminar de las contribuciones a ser evaluadas informaci\u00f3n como: nombres, apellidos, emails, afiliaciones, enlaces a p\u00e1ginas web donde aparecen los datos de los autores, agradecimientos que pudieran llevar a inferir los autores, etc. Eso es, el trabajo enviado a evaluaci\u00f3n debe iniciar por el t\u00edtulo de la contribuci\u00f3n, el resumen, y la lista de palabras clave. En caso que el trabajo sea aceptado para ser publicado en las memorias y la p\u00e1gina web de CoNCISa, la publicaci\u00f3n final (camera ready) s\u00ed tendr\u00e1 estos datos.\n<li>Los t\u00edtulos de las figuras deben ser centrados por debajo de \u00e9stas. La numeraci\u00f3n de las figuras se hace con n\u00fameros ar\u00e1bicos (Figura 1, Figura 2, Figura 3, etc). En las citaciones de las figuras y en los t\u00edtulos de las figuras, la &#8220;F&#8221; de &#8220;Figura&#8221; se debe escribir en may\u00fasculas. Utilizar la palabra &#8220;<b>Figura<\/b>&#8221;, no utilizar &#8220;Gr\u00e1fica&#8221; u otra palabra. No finalice el t\u00edtulo de una figura por un punto.<\/li>\n<li>Los t\u00edtulos de las tablas deben ser centrados por encima de \u00e9stas. La numeraci\u00f3n de las tablas se hace con n\u00fameros romanos (Tabla I, Tabla II, Tabla III, etc). En las citaciones de las tablas, la &#8220;T&#8221; de &#8220;Tabla&#8221; se debe escribir en may\u00fasculas. Utilizar la palabra &#8220;<b>Tabla<\/b>&#8221;, no utilizar &#8220;Cuadro&#8221;, &#8220;Recuadro&#8221;, u otra palabra. No finalice el t\u00edtulo de una tabla por un punto.<\/li>\n<li>Las figuras de los trabajos deben ser de alta calidad, de tal forma que no se vean pixeladas. El texto dentro de las figuras debe ser suficientemente grande para que se pueda leer facilmente. No se debe encerrar las figuras en un recuadro. Al producir el PDF de su contribuci\u00f3n, es importante configurar las opciones de su software para que las figuras sean generadas con una resoluci\u00f3n de al menos 600 DPI.<\/li>\n<li>Los t\u00edtulos de las figuras y de las tablas deben ser cortos. Es decir que no se debe hacer la descripci\u00f3n de las figuras y de las tablas dentro de los t\u00edtulos es estas; Para eso esta el texto de la contribuci\u00f3n. El caso que la figura o la tabla no sea propia, la citaci\u00f3n de la fuente de esta se debe hacer en el texto del trabajo, no en su t\u00edtulo.<\/li>\n<li>En caso que un trabajo incluya material con copyright, es necesario que los autores obtengan la autorizaci\u00f3n por escrito de los due\u00f1os antes de someter la contribuci\u00f3n a evaluaci\u00f3n a CoNCISa.<\/li>\n<\/ul>\n<p>Aquellos autores que hagan m\u00faltiples env\u00edos deben asegurarse que cada trabajo tenga suficiente contenido original. Las contribuciones enviadas, a todas las sesiones de trabajo, ser\u00e1n evaluadas por especialistas de reconocida trayectoria cient\u00edfica y profesional. Los trabajos que sobrepasen el n\u00famero m\u00e1ximo de p\u00e1ginas permitidas ser\u00e1n rechazados sin revisar.<\/p>\n<p>Los mejores trabajos de investigaci\u00f3n largos ser\u00e1n invitados a participar en una edici\u00f3n especial de <a href=\"http:\/\/www.svc.net.ve\/revecom\" target=\"_blank\" rel=\"noopener\">ReVeCom<\/a>, la revista de la Sociedad Venezolana de Computaci\u00f3n.<\/p>\n<p>El programa final y las memorias s\u00f3lo incluir\u00e1n trabajos con al menos un autor inscrito en la categor\u00eda AUTOR en la conferencia antes de la fecha l\u00edmite para el env\u00edo de la versi\u00f3n final.<\/p>\n<p>En caso que a\u00fan no tenga cuenta en EasyChair, la puede crear a trav\u00e9s de este <a href=\"https:\/\/www.easychair.org\/account\/signup.cgi\" target=\"_blank\" rel=\"noopener\">enlace<\/a>.<\/p>\n<p><strong>Nota<\/strong>: Si usted tiene problemas para cargar sus art\u00edculos con EasyChair, por favor contactar a <a href=\"mailto: concisa2016@easychair.org\">concisa2016@easychair.org<\/a>.<br \/>\n&nbsp;<br \/>\n&nbsp;<\/p>\n<p><span style=\"display: block; font-size: 20px; padding: 10px; margin-left: 0; -webkit-border-radius: 4px; border-radius: 4px; color: white; text-shadow: 2px 2px black; background-image: linear-gradient(135deg, #f15029, #f15029, #0d5995, #1574c4, #063358, #0d5995, #101112, #101112, #101112);\">Segundo Llamado a Art\u00edculos (Versi\u00f3n PDF)<\/span><\/p>\n<p>El llamado a art\u00edculos vence el lunes 15 de agosto de 2016. Pueden descargar la versi\u00f3n PDF del segundo llamado a art\u00edculo en el siguiente <a href=\"http:\/\/www.concisa.net.ve\/2016\/wp-content\/uploads\/sites\/5\/2016\/07\/SegundoLlamado-CoNCISa2016.pdf\" target=\"_blank\" rel=\"noopener\">enlace<\/a>.<\/p>\n","protected":false},"excerpt":{"rendered":"<p>Llamado a Art\u00edculos<\/p>\n<p> Sesiones de Trabajo <\/p>\n<p>Sesi\u00f3n de investigaci\u00f3n: se considerar\u00e1n trabajos de investigaci\u00f3n originales en todas las \u00e1reas de computaci\u00f3n que no hayan sido publicados. Se aceptar\u00e1n dos modalidades de contribuci\u00f3n: art\u00edculos largos (hasta 12 p\u00e1ginas) destinados a reportar investigaciones cient\u00edficas y aplicadas culminadas; y art\u00edculos cortos (hasta 5 p\u00e1ginas) destinados a reportar avances [&#8230;]<\/p>\n","protected":false},"author":1,"featured_media":0,"parent":0,"menu_order":0,"comment_status":"open","ping_status":"open","template":"","meta":{"footnotes":""},"class_list":["post-49","page","type-page","status-publish","hentry","odd"],"_links":{"self":[{"href":"https:\/\/concisa.net.ve\/2016\/wp-json\/wp\/v2\/pages\/49","targetHints":{"allow":["GET"]}}],"collection":[{"href":"https:\/\/concisa.net.ve\/2016\/wp-json\/wp\/v2\/pages"}],"about":[{"href":"https:\/\/concisa.net.ve\/2016\/wp-json\/wp\/v2\/types\/page"}],"author":[{"embeddable":true,"href":"https:\/\/concisa.net.ve\/2016\/wp-json\/wp\/v2\/users\/1"}],"replies":[{"embeddable":true,"href":"https:\/\/concisa.net.ve\/2016\/wp-json\/wp\/v2\/comments?post=49"}],"version-history":[{"count":1,"href":"https:\/\/concisa.net.ve\/2016\/wp-json\/wp\/v2\/pages\/49\/revisions"}],"predecessor-version":[{"id":50,"href":"https:\/\/concisa.net.ve\/2016\/wp-json\/wp\/v2\/pages\/49\/revisions\/50"}],"wp:attachment":[{"href":"https:\/\/concisa.net.ve\/2016\/wp-json\/wp\/v2\/media?parent=49"}],"curies":[{"name":"wp","href":"https:\/\/api.w.org\/{rel}","templated":true}]}}