{"id":342,"date":"2014-09-26T02:34:21","date_gmt":"2014-09-26T02:34:21","guid":{"rendered":"http:\/\/www.concisa.net.ve\/2014\/?page_id=342"},"modified":"2014-09-26T02:47:17","modified_gmt":"2014-09-26T02:47:17","slug":"como-llegar-a-la-ucab","status":"publish","type":"page","link":"https:\/\/concisa.net.ve\/2014\/como-llegar-a-la-ucab\/","title":{"rendered":"\u00bfC\u00f3mo Llegar a la UCAB?"},"content":{"rendered":"<p><span style=\"display: block; font-size: 20px; padding: 10px; margin-left: 0; -webkit-border-radius: 4px; border-radius: 4px; color: white; text-shadow: 0 -1px 0 rgba(0, 0, 0, 0.25); background-color: #f36532; background-image: -moz-linear-gradient(top, #f36532, #f36532);\">\u00bfC\u00f3mo Llegar a la UCAB?<\/span> &nbsp;<\/p>\n<p>Para llegar a la UCAB, pueden utilizar el servicio del Metro de Caracas. La estaci\u00f3n de metro m\u00e1s cercana es Antimano. Al salir de la estaci\u00f3n, se encuentra una pasarela que permite cruzar el R\u00edo Guaire y la autopista Francisco Fajardo. Deber\u00e1 identificarse a los vigilantes de la UCAB en la entrada de la pasarela. Para mayor detalles, ver el mapa a continuaci\u00f3n.<br \/>\n<\/br><\/p>\n<p><iframe loading=\"lazy\" src=\"https:\/\/www.google.com\/maps\/embed?pb=!1m10!1m8!1m3!1d3923.46198194291!2d-66.97579999999999!3d10.4642!3m2!1i1024!2i768!4f13.1!5e0!3m2!1sen!2s!4v1411698602860\" width=\"600\" height=\"450\" frameborder=\"0\" style=\"border:0\"><\/iframe><\/p>\n","protected":false},"excerpt":{"rendered":"<p>\u00bfC\u00f3mo Llegar a la UCAB? &nbsp;<\/p>\n<p>Para llegar a la UCAB, pueden utilizar el servicio del Metro de Caracas. La estaci\u00f3n de metro m\u00e1s cercana es Antimano. Al salir de la estaci\u00f3n, se encuentra una pasarela que permite cruzar el R\u00edo Guaire y la autopista Francisco Fajardo. Deber\u00e1 identificarse a los vigilantes de la UCAB [&#8230;]<\/p>\n","protected":false},"author":1,"featured_media":0,"parent":0,"menu_order":0,"comment_status":"open","ping_status":"open","template":"","meta":{"footnotes":""},"class_list":["post-342","page","type-page","status-publish","hentry","odd"],"_links":{"self":[{"href":"https:\/\/concisa.net.ve\/2014\/wp-json\/wp\/v2\/pages\/342","targetHints":{"allow":["GET"]}}],"collection":[{"href":"https:\/\/concisa.net.ve\/2014\/wp-json\/wp\/v2\/pages"}],"about":[{"href":"https:\/\/concisa.net.ve\/2014\/wp-json\/wp\/v2\/types\/page"}],"author":[{"embeddable":true,"href":"https:\/\/concisa.net.ve\/2014\/wp-json\/wp\/v2\/users\/1"}],"replies":[{"embeddable":true,"href":"https:\/\/concisa.net.ve\/2014\/wp-json\/wp\/v2\/comments?post=342"}],"version-history":[{"count":1,"href":"https:\/\/concisa.net.ve\/2014\/wp-json\/wp\/v2\/pages\/342\/revisions"}],"predecessor-version":[{"id":343,"href":"https:\/\/concisa.net.ve\/2014\/wp-json\/wp\/v2\/pages\/342\/revisions\/343"}],"wp:attachment":[{"href":"https:\/\/concisa.net.ve\/2014\/wp-json\/wp\/v2\/media?parent=342"}],"curies":[{"name":"wp","href":"https:\/\/api.w.org\/{rel}","templated":true}]}}