{"id":318,"date":"2014-08-08T01:59:49","date_gmt":"2014-08-08T01:59:49","guid":{"rendered":"http:\/\/www.concisa.net.ve\/2014\/?page_id=318"},"modified":"2015-09-12T23:30:01","modified_gmt":"2015-09-13T04:00:01","slug":"evi-2014-programa-general","status":"publish","type":"page","link":"https:\/\/concisa.net.ve\/2014\/evi-2014-programa-general\/","title":{"rendered":"EVI 2014 &#8211; Programa General"},"content":{"rendered":"<p><span style=\"display: block; font-size: 20px; padding: 10px; margin-left: 0; -webkit-border-radius: 4px; border-radius: 4px; color: white; text-shadow: 0 -1px 0 rgba(0, 0, 0, 0.25); background-color: #f36532; background-image: -moz-linear-gradient(top, #f36532, #f36532);\">Programa General de EVI 2014 y CoNCISa 2014<\/span><\/p>\n<p>Este es el programa general de EVI 2014 y CoNCISa 2014. Para la programaci\u00f3n de los tutoriales de EVI 2014, hacer clic <a href=\"http:\/\/www.concisa.net.ve\/2014\/evi-2014-tutoriales\">aqu\u00ed<\/a>.<\/p>\n<p style=\"text-align: center;\"><a href=\"http:\/\/www.concisa.net.ve\/2014\/wp-content\/uploads\/sites\/3\/2014\/09\/programa-general02.png\"><img decoding=\"async\" class=\"aligncenter size-full wp-image-447\" style=\"border: none; background-color: #ffffff;\" src=\"http:\/\/www.concisa.net.ve\/2014\/wp-content\/uploads\/sites\/3\/2014\/09\/programa-general02.png\"\/><\/a><\/p>\n<p><b>Leyenda<\/b><br \/>\nEL-PB: Edificio Laboratorios &#8211; Planta Baja<br \/>\nM2-PB: M\u00f3dulo 2 &#8211; Planta Baja<br \/>\nA141: Sal\u00f3n ubicado en M\u00f3dulo 1, Piso 4<br \/>\nA143: Sal\u00f3n ubicado en M\u00f3dulo 1, Piso 4<br \/>\nA553: Laboratorio ubicado en M\u00f3dulo 5, Piso 5<br \/>\nA613: Laboratorio ubicado en M\u00f3dulo 6, Piso 1<br \/>\nA654: Laboratorio ubicado en M\u00f3dulo 6, Piso 5<br \/>\nSP: Complejo Loyola, Piso 1, Sala Sim\u00f3n Planas<\/p>\n<p><b>TODAS LAS DEM\u00c1S ACTIVIDADES SER\u00c1N EN EL AUDITORIO HERMANO LANZ<\/b><br \/>\nLos refrigerios (10:30 AM y 3:30 PM) ser\u00e1n en el cafet\u00edn del M\u00f3dulo 2<\/p>\n","protected":false},"excerpt":{"rendered":"<p>Programa General de EVI 2014 y CoNCISa 2014<\/p>\n<p>Este es el programa general de EVI 2014 y CoNCISa 2014. Para la programaci\u00f3n de los tutoriales de EVI 2014, hacer clic aqu\u00ed.<\/p>\n<p style=\"text-align: center;\">\n<p>Leyenda EL-PB: Edificio Laboratorios &#8211; Planta Baja M2-PB: M\u00f3dulo 2 &#8211; Planta Baja A141: Sal\u00f3n ubicado en M\u00f3dulo 1, Piso 4 [&#8230;]<\/p>\n","protected":false},"author":1,"featured_media":0,"parent":0,"menu_order":0,"comment_status":"open","ping_status":"open","template":"","meta":{"footnotes":""},"class_list":["post-318","page","type-page","status-publish","hentry","odd"],"_links":{"self":[{"href":"https:\/\/concisa.net.ve\/2014\/wp-json\/wp\/v2\/pages\/318","targetHints":{"allow":["GET"]}}],"collection":[{"href":"https:\/\/concisa.net.ve\/2014\/wp-json\/wp\/v2\/pages"}],"about":[{"href":"https:\/\/concisa.net.ve\/2014\/wp-json\/wp\/v2\/types\/page"}],"author":[{"embeddable":true,"href":"https:\/\/concisa.net.ve\/2014\/wp-json\/wp\/v2\/users\/1"}],"replies":[{"embeddable":true,"href":"https:\/\/concisa.net.ve\/2014\/wp-json\/wp\/v2\/comments?post=318"}],"version-history":[{"count":1,"href":"https:\/\/concisa.net.ve\/2014\/wp-json\/wp\/v2\/pages\/318\/revisions"}],"predecessor-version":[{"id":320,"href":"https:\/\/concisa.net.ve\/2014\/wp-json\/wp\/v2\/pages\/318\/revisions\/320"}],"wp:attachment":[{"href":"https:\/\/concisa.net.ve\/2014\/wp-json\/wp\/v2\/media?parent=318"}],"curies":[{"name":"wp","href":"https:\/\/api.w.org\/{rel}","templated":true}]}}