{"id":22,"date":"2014-05-16T20:50:28","date_gmt":"2014-05-16T20:50:28","guid":{"rendered":"http:\/\/www.concisa.net.ve\/2013\/?page_id=22"},"modified":"2014-05-16T20:50:28","modified_gmt":"2014-05-16T20:50:28","slug":"contacto","status":"publish","type":"page","link":"https:\/\/concisa.net.ve\/2013\/contacto\/","title":{"rendered":"Contacto"},"content":{"rendered":"<p>Si tiene problemas con EasyChair, contactar a:<br \/>\n<a href=\"mailto:%20easychair@clei2013.org.ve\">easychair[at]clei2013.org.ve<\/a><\/p>\n<p>Para informaci\u00f3n adicional sobre registro, contactar a:<br \/>\n<a href=\"mailto:%20registration@clei2013.org.ve\">registration[at]clei2013.org.ve<\/a><\/p>\n<p>Para informaci\u00f3n adicional sobre alojamiento, contactar a:<br \/>\n<a href=\"mailto:%20accommodation@clei2013.org.ve\">accommodation[at]clei2013.org.ve<\/a><\/p>\n<p>Para informaci\u00f3n general, contactar a:<br \/>\n<a href=\"mailto:%20info@clei2013.org.ve\">info[at]clei2013.org.ve<\/a><\/p>\n<p>&nbsp;<\/p>\n<p><strong>Nuesta direcci\u00f3n de correo postal es:<\/strong><br \/>\nComit\u00e9 Organizador del CLEI<br \/>\nEscuela de Computaci\u00f3n<br \/>\nUniversidad Central de Venezuela<br \/>\nLos Chaguaramos, Caracas 1040<br \/>\nVenezuela<\/p>\n","protected":false},"excerpt":{"rendered":"<p>Si tiene problemas con EasyChair, contactar a: easychair[at]clei2013.org.ve Para informaci\u00f3n adicional sobre registro, contactar a: registration[at]clei2013.org.ve Para informaci\u00f3n adicional sobre alojamiento, contactar a: accommodation[at]clei2013.org.ve Para informaci\u00f3n general, contactar a: info[at]clei2013.org.ve &nbsp; Nuesta direcci\u00f3n de correo postal es: Comit\u00e9 Organizador del CLEI Escuela de Computaci\u00f3n Universidad Central de Venezuela Los Chaguaramos, Caracas 1040 Venezuela<\/p>\n","protected":false},"author":1,"featured_media":0,"parent":0,"menu_order":0,"comment_status":"open","ping_status":"open","template":"","meta":{"footnotes":""},"class_list":["post-22","page","type-page","status-publish","hentry"],"_links":{"self":[{"href":"https:\/\/concisa.net.ve\/2013\/wp-json\/wp\/v2\/pages\/22","targetHints":{"allow":["GET"]}}],"collection":[{"href":"https:\/\/concisa.net.ve\/2013\/wp-json\/wp\/v2\/pages"}],"about":[{"href":"https:\/\/concisa.net.ve\/2013\/wp-json\/wp\/v2\/types\/page"}],"author":[{"embeddable":true,"href":"https:\/\/concisa.net.ve\/2013\/wp-json\/wp\/v2\/users\/1"}],"replies":[{"embeddable":true,"href":"https:\/\/concisa.net.ve\/2013\/wp-json\/wp\/v2\/comments?post=22"}],"version-history":[{"count":1,"href":"https:\/\/concisa.net.ve\/2013\/wp-json\/wp\/v2\/pages\/22\/revisions"}],"predecessor-version":[{"id":23,"href":"https:\/\/concisa.net.ve\/2013\/wp-json\/wp\/v2\/pages\/22\/revisions\/23"}],"wp:attachment":[{"href":"https:\/\/concisa.net.ve\/2013\/wp-json\/wp\/v2\/media?parent=22"}],"curies":[{"name":"wp","href":"https:\/\/api.w.org\/{rel}","templated":true}]}}